e
Is 494545 prime?
False
Is 4111 a prime number?
True
Is 94 a prime number?
False
Is 10473 a composite number?
True
Is 194507 a prime number?
True
Is 80039 composite?
False
Is 165653 a prime number?
True
Is 5071 prime?
False
Is 162109 a prime number?
True
Is 4343 prime?
False
Is 81611 composite?
False
Is 1651457 a prime number?
True
Is 35549 a composite number?
True
Is 243889 a prime number?
True
Is 8329 prime?
True
Is 616991 prime?
True
Is 45523 prime?
True
Is 3613 prime?
True
Is 354091 prime?
True
Is 16997 composite?
True
Is 163465 a prime number?
False
Is 449299 prime?
True
Is 344446 composite?
True
Is 23557 a composite number?
False
Is 19021 composite?
True
Is 28333 a composite number?
True
Is 395023 composite?
False
Is 8363 a prime number?
True
Is 323807 prime?
False
Is 517 a composite number?
True
Is 7723 prime?
True
Is 189929 prime?
True
Is 1973 composite?
False
Is 4703 a prime number?
True
Is 80029 prime?
False
Is 477941 prime?
True
Is 712669 prime?
True
Is 99521 a prime number?
False
Is 53995 a prime number?
False
Is 2411 a prime number?
True
Is 444011 a prime number?
False
Is 735983 composite?
False
Is 17337 a composite number?
True
Is 2581 a prime number?
False
Is 92915 prime?
False
Is 1202041 prime?
True
Is 11657 a prime number?
True
Is 2517 a prime number?
False
Is 602999 composite?
False
Is 37243 composite?
False
Is 10903 prime?
True
Is 135101 prime?
True
Is 3793 composite?
False
Is 479221 a prime number?
True
Is 1511 prime?
True
Is 22877 composite?
False
Is 209 composite?
True
Is 7393 prime?
True
Is 288229 a composite number?
True
Is 216317 composite?
False
Is 772439 prime?
True
Is 3829 a prime number?
False
Is 152603 composite?
True
Is 24305 a prime number?
False
Is 6547 composite?
False
Is 5833 a composite number?
True
Is 1173917 composite?
False
Is 1795 prime?
False
Is 2621 a prime number?
True
Is 379 prime?
True
Is 79 a prime number?
True
Is 941333 composite?
True
Is 173249 composite?
False
Is 166909 prime?
True
Is 645537 composite?
True
Is 6121 a composite number?
False
Is 977471 prime?
False
Is 1181161 prime?
False
Is 26027 composite?
True
Is 91727 a composite number?
True
Is 254869 prime?
True
Is 373783 a composite number?
False
Is 148237 prime?
False
Is 195881 prime?
False
Is 4561 a prime number?
True
Is 214003 a composite number?
False
Is 710485 a prime number?
False
Is 32267 composite?
True
Is 1973 a composite number?
False
Is 29179 composite?
False
Is 2700899 a composite number?
False
Is 49249 prime?
False
Is 7607 prime?
True
Is 48595 a composite number?
True
Is 14369 prime?
True
Is 184565 prime?
False
Is 47381 a composite number?
False
Is 584809 prime?
True
Is 8567 a prime number?
False
Is 156361 composite?
False
Is 385955 a composite number?
True
Is 444139 a prime number?
False
Is 94195 composite?
True
Is 1537 composite?
True
Is 571295 a composite number?
True
Is 3385 composite?
True
Is 16811 a prime number?
True
Is 84857 a prime number?
True
Is 97673 a composite number?
False
Is 338833 composite?
True
Is 23461 a composite number?
True
Is 5129 composite?
True
Is 6521 composite?
False
Is 143729 a prime number?
True
Is 1305559 prime?
True
Is 1943 composite?
True
Is 97327 a composite number?
False
Is 403 a prime number?
False
Is 7269 prime?
False
Is 196247 a composite number?
False
Is 32917 a prime number?
True
Is 100679 a prime number?
False
Is 2393 a composite number?
False
Is 24571 prime?
True
Is 80273 prime?
True
Is 57859 a composite number?
False
Is 88289 a composite number?
False
Is 622723 prime?
True
Is 68303 prime?
False
Is 3251 a prime number?
True
Is 109627 composite?
True
Is 42101 a composite number?
False
Is 80335 a prime number?
False
Is 537607 prime?
False
Is 12171 prime?
False
Is 873359 prime?
True
Is 83983 a prime number?
True
Is 12158 composite?
True
Is 59519 composite?
True
Is 5437 composite?
False
Is 26569 composite?
True
Is 71267 a prime number?
False
Is 225679 a composite number?
True
Is 29269 a prime number?
True
Is 3847 a prime number?
True
Is 197521 a prime number?
True
Is 4269 composite?
True
Is 51217 composite?
False
Is 427067 composite?
False
Is 197283 a prime number?
False
Is 157127 a prime number?
True
Is 399307 prime?
False
Is 558777 a composite number?
True
Is 862 composite?
True
Is 3047 composite?
True
Is 223577 prime?
True
Is 20057 a prime number?
False
Is 15427 a prime number?
True
Is 7453 prime?
False
Is 307 composite?
False
Is 216599 prime?
False
Is 2577389 a composite number?
False
Is 1160807 composite?
False
Is 51703 composite?
True
Is 679511 a composite number?
True
Is 31585 prime?
False
Is 187599 prime?
False
Is 1847 a prime number?
True
Is 3386 a prime number?
False
Is 286449 a prime number?
False
Is 72257 a composite number?
True
Is 22469 composite?
False
Is 993 a prime number?
False
Is 1519657 prime?
True
Is 2503 composite?
False
Is 3643 prime?
True
Is 34417 prime?
False
Is 1757 a composite number?
True
Is 52873 composite?
True
Is 4111 prime?
True
Is 210599 a prime number?
True
Is 8657 prime?
False
Is 180871 composite?
False
Is 19641 a composite number?
True
Is 27731 prime?
False
Is 182387 prime?
True
Is 15539 composite?
True
Is 203117 a prime number?
True
Is 68923 a prime number?
False
Is 21727 a prime number?
True
Is 1982567 composite?
False
Is 991 prime?
True
Is 502247 a prime number?
True
Is 6031 prime?
False
Is 212785 a prime number?
False
Is 41351 prime?
True
Is 157627 a composite number?
False
Is 19121 a composite number?
False
Is 727933 a composite number?
False
Is 523195 a prime number?
False
Is 33727 a composite number?
True
Is 122861 a prime number?
True
Is 315247 a composite number?
False
Is 4703 a composite number?
False
Is 238379 a prime number?
False
Is 33037 a prime number?
True
Is 186863 composite?
True
Is 3691 a prime number?
True
Is 342541 composite?
True
Is 131837 composite?
False
Is 92633 prime?
False
Is 53267 a composite number?
False
Is 68851 prime?
False
Is 7993 composite?
False
Is 178967 prime?
False
Is 9133 a composite number?
False
Is 43237 a composite number?
False
Is 4601 a composite number?
True
Is 110219 a composite number?
True
Is 330919 composite?
True
Is 88861 a prime number?
True
Is 5257 a composite number?
True
Is 40735 composite?
True
Is 49553 prime?
False
Is 51242 a composite number?
True
Is 784565 a composite number?
True
Is 2613883 prime?
True
Is 96983 a prime number?
False
Is 47887 a composite number?
True
Is 150287 a prime number?
True
Is 388981 a composite number?
True
Is 4591 a prime number?
True
Is 59833 a prime number?
True
Is 237 composite?
True
Is 3111205 a prime number?
False
Is 124589 composite?
True
Is 13358 a prime number?
False
Is 23723 a composite number?
True
Is 390893 a prime number?
True
Is 74471 prime?
True
Is 96593 a prime number?
False
Is 786745 a prime number?
False
Is 1544479 composite?
False
Is 110659 a prime number?
False
Is 4201 a prime number?
True
Is 1817197 a composite number?
False
Is 6983 composite?
False
Is 284081 a prime number?
False
Is 114883 composite?
False
Is 57497 a prime number?
False
Is 35747 prime?
True
Is 18899 composite?
False
Is 932311 a prime number?
False
Is 18743 composite?
False
Is 3620827 prime?
False
Is 1255803 a prime number?
False
Is 14941 a composite number?
True
Is 102967 prime?
True
Is 9965 composite?
True
Is 1649 composite?
True
Is 326747 composite?
True
Is 14701 a prime number?
False
Is 64871 a prime number?
True
Is 4739 prime?
False
Is 49363 a prime number?
True
Is 73327 a prime number?
True
Is 2459 prime?
True
Is 75751 a composite number?
True
Is 28471 a prime number?
False
Is 320209 prime?
True
Is 106391 composite?
False
Is 198221 a prime number?
True
Is 97523 prime?
True
Is 58199 a composite number?
False
Is 1707715 prime?
False
Is 33639 composite?
True
Is 435973 a prime number?
True
Is 82333 composite?
True
Is 25301 a composite number?
False
Is 4449 a prime number?
False
Is 1974331 a prime number?
True
Is 6121 a prime number?
True
Is 321289 a prime number?
True
Is 2250529 prime?
False
Is 408567 prime?
False
Is 52783 composite?
False
Is 35195 composite?
True
Is 512657 a composite number?
False
Is 194861 a composite number?
False
Is 308383 a composite number?
False
Is 658759 a prime number?
False
Is 57079 prime?
False
Is 5129 a prime number?
False
Is 103601 composite?
True
